t of s(10)?
2
Suppose -5*m = 4 - 14. Suppose -m*o + 6 - 2 = 0. Suppose -3*p = -2*v - o*v - 53, -3*v = 3*p - 18. What is the tens digit of p?
1
Let b(r) = 2*r**2 + 6*r - 17. What is the tens digit of b(6)?
9
Let d(n) = -7*n**3 - n + 1. Let g be d(1). Let s(a) be the first derivative of a**4/4 + 7*a**3/3 + 8*a - 1. What is the units digit of s(g)?
8
Suppose 68 = -5*o + 363. What is the units digit of o?
9
Let d be ((-3)/(-3) + -1)/2. Suppose d*f - f = 0. Suppose f = -2*t + b + 14, -4*t + b = -0*b - 26. What is the units digit of t?
6
Let q(u) be the third derivative of u**5/60 - u**4/6 + u**3/6 + 2*u**2. Let o be q(6). Let f = o - 8. What is the units digit of f?
5
Let w(m) = -21*m - 11. Let j be w(-5). Suppose f - j = -f. What is the tens digit of f?
4
Suppose -3*t + 4*t + 6 = 0. Let o(w) = -5 + 4*w - 2*w - 3*w. What is the units digit of o(t)?
1
Suppose -6*o = -2*o - 12. Let k = o + 0. What is the units digit of k?
3
Let i = 8 - 4. Suppose -3*w + 7 + 57 = i*o, 3*o - 48 = -2*w. What is the tens digit of o?
1
Suppose 0 = 4*g - d - 37, -2 = 2*d - 0. What is the units digit of g?
9
Let x(y) = -y**3 - y**2 - 3*y - 1. Let o be x(-2). Suppose -a + 2 = -o. What is the units digit of a?
1
Let o = -34 - -17. Let j = 28 + o. What is the units digit of j?
1
Suppose -5*u = -2*u - 117. Let k = u + -26. What is the units digit of k?
3
Let o(i) = -i**2 - 9*i + 13. Let j be o(-10). Suppose j*h = h - m + 1, 5*m - 35 = 5*h. What is the units digit of (1/1)/((-1)/h)?
2
Let v(f) = -f**3 - 5*f**2 + 2*f + 7. Let t be v(-5). Let k = 2 - t. Suppose -4*w = k*r - 7*w - 84, -4*r - w + 57 = 0. What is the units digit of r?
5
Let b(r) = 5*r + 3. What is the tens digit of b(10)?
5
Suppose 0*m - 41 = -b - 3*m, 5*b + 5*m - 195 = 0. What is the units digit of b?
8
Let d(q) = 2*q**3 + q**2 - q + 2. Let n(p) = -p**3 - p**2 + p. Let k(y) = -d(y) - 4*n(y). Let z be k(-3). What is the units digit of (8/z)/((-2)/10)?
2
Let y = 5 + 29. What is the units digit of y?
4
Let y = -22 - -62. Suppose 0 = -2*r - 3*r + y. Suppose 3*v = v + r. What is the units digit of v?
4
Let b = 9 + -2. Let a = -8 + b. What is the units digit of a/2*(-32)/4?
4
Suppose 0 = -22*f + 19*f + 126. What is the tens digit of f?
4
Suppose 7*r - 5 = 6*r. Let k(s) = 4*s - 10. What is the units digit of k(r)?
0
Let o = -6 - -8. Suppose -i = o*r + 2 - 3, 0 = i - 3*r - 21. Let f = i - 5. What is the units digit of f?
4
Suppose 4*g = 2*l + 45 - 11, 2*l = 3*g - 26. Let u(n) = 5*n + 6. What is the units digit of u(g)?
6
Let l be 10*(-2)/6*3. Let p = 1 + l. What is the units digit of 31/4 + p/12?
7
What is the tens digit of 347/15 - 6/45?
2
What is the tens digit of -4 - -6 - (-83 - 4)?
8
Let u(z) = 5*z - 14. What is the tens digit of u(10)?
3
What is the tens digit of (1 - 17 - (-2 - 1))*-6?
7
Suppose 4*j + 2*q = 390, 2*j - j + 3*q = 110. What is the units digit of j?
5
Let i(z) = -10*z - 3*z**3 + 12 + 3*z**3 + 0*z**2 + z**3 - 8*z**2. What is the units digit of i(9)?
3
Let h = -6 + 17. What is the units digit of h?
1
Let b(o) = o - 8*o - 1 + 0*o. Let g be b(3). Let l = g - -32. What is the units digit of l?
0
Let u = -15 + 9. Let z(y) = -y + 2. What is the units digit of z(u)?
8
Let t = -3 + 9. Suppose 2*b - t*b + 5*a = -53, -b + 14 = -a. What is the units digit of b?
7
Let u(r) = -r**3 + 8*r**2 + 6. Suppose -k + 8 = -0*k. What is the units digit of u(k)?
6
Suppose 5*t + 4*u = 36, 0 = t - 3*u + 4*u - 8. What is the units digit of 2*t/(24/27)?
9
Suppose -3*z + 2*m + 0*m + 4 = 0, 3 = 3*m. Suppose -2*l - 4*f = 2*l - 36, z*l - 14 = -3*f. What is the tens digit of l?
1
Let o = 11 - 3. Let a = o + -4. What is the units digit of -4*(0 - 6/a)?
6
Let r(y) = y**2 + 12*y - 8. What is the hundreds digit of r(8)?
1
Let s = 0 - -4. Let r = 3 + s. Suppose -u + 2*g - 8 = r*g, -4*u + g + 52 = 0. What is the tens digit of u?
1
Let j(f) be the first derivative of f**4/12 - 3*f**3/2 + 3*f**2/2 - 3. Let l(s) be the second derivative of j(s). What is the units digit of l(6)?
3
Suppose 5*r + 3*p - 121 = -27, 0 = -3*r + p + 62. Suppose r = c + 4. What is the tens digit of c?
1
Let f(r) = -8*r**3 + 8*r**2 + 4. Let k(j) = j**3 - j**2 - 1. Let z(u) = -f(u) - 5*k(u). What is the units digit of z(2)?
3
Let d(i) = -2 + 3*i**3 - 2*i**3 + 4 + i + 4*i**2. What is the units digit of d(-3)?
8
Let g be (1 + -2)*1*0. Suppose g*t - t = -2. What is the units digit of 5*(1 + (t - 2))?
5
Let q(v) = -v - 4. Let t be q(-3). What is the units digit of (t/2)/((-4)/72)?
9
Suppose -9 = -6*w + 3*w. What is the units digit of w?
3
Let u = 25 + 33. Suppose -2*t = -u - 4. Suppose -3*p - 3*l + 8*l = -53, 2*p = -l + t. What is the units digit of p?
6
Let z = -371 + 525. What is the hundreds digit of z?
1
Let b(f) = f**3 - 13*f**2 + 11*f + 16. Let c be b(12). What is the tens digit of ((-38)/2)/(c/(-4))?
1
Let y be 8/32 - 2/8. Let m = y + 1. What is the units digit of m?
1
Suppose -3*y = -y + j - 10, -2*y = -4*j - 10. Suppose g - 3*g - 12 = -5*z, 2*z + y*g = 28. Suppose r = -z + 11. What is the units digit of r?
7
Let t = 67 - -12. What is the tens digit of t?
7
Let f(s) = s + 4. Let a be f(-6). What is the units digit of (-8 - -10)/(a/(-9))?
9
Suppose 4*n = -4*b + 24, n - 15 = 4*b - 4. What is the units digit of n?
7
Let l = -10 + 41. What is the units digit of l?
1
Let d(t) be the first derivative of t**2 - 10*t - 1. Let p = -15 - -23. What is the units digit of d(p)?
6
Let i(z) be the third derivative of z**5/60 + 3*z**4/8 + 5*z**3/3 + z**2. Let m be i(-8). Suppose 4*g - 52 = -m*w, -1 - 1 = -w. What is the units digit of g?
2
Let g(l) = l**3 - 4*l**2 + 2*l + 1. Let a(w) = -2*w - 8. Let i be a(-6). What is the units digit of g(i)?
9
Let z = 5 + 2. Suppose d - 10 = -p, z - 50 = -4*d - p. What is the tens digit of d?
1
Let u(q) = 2*q**2 - 3*q - 4. What is the units digit of u(6)?
0
Let h be 18/(2 + 1) + 1. Let y = -3 + h. Suppose y*w + 0*w - 38 = 2*r, 4*w - 48 = 4*r. What is the units digit of w?
7
Let q = -18 - -38. What is the tens digit of 6/4*q/3?
1
Let g(a) = -a + 9. Let w be g(9). Suppose w = -b - 4*b + 5. What is the units digit of b?
1
Let r = 19 - -10. What is the tens digit of r?
2
Let j(z) = -z**3 - 3*z**2 + 5*z + 6. Let h be j(-4). Suppose h*d = -3*d + 20. What is the units digit of d?
4
Let q(c) = 2*c**2 - 6*c + 1. Let k be 4 + -1 - (-7 - -4). What is the units digit of q(k)?
7
Suppose 3*q = 5*q + 2*a - 32, -3*q - 5*a = -54. Let f = q - 6. Let v = f + 5. What is the tens digit of v?
1
Suppose -3*k = -3*l + 30, 5*l - 52 = l - 2*k. Let u = -1 + l. What is the tens digit of u?
1
Suppose -3*g = 2*g. Suppose g = h + 3 - 9. Let v = 9 - h. What is the units digit of v?
3
Let l(c) = c + 5. Let q be l(0). What is the units digit of (58/q)/((-10)/(-25))?
9
Let g(m) = -21*m - 21. What is the units digit of g(-5)?
4
Let b(f) = -f**3 - f**2 + f + 2. Let l(c) = -c**3 + 7*c**2 + 9*c - 6. Let z be l(8). Let y be b(z). What is the units digit of (1 - 1) + y/(-1)?
8
Let i(m) = -m**2 - 2*m - 1. Let r be i(-2). Let w = -5 - r. What is the units digit of 8/(3 + w/2)?
8
What is the units digit of (-21)/14*(-1 - 21)?
3
Let x(y) = -y**2 + 6*y. Let z be x(7). Let l(b) = -b**2 - 7*b + 3. Let j be l(z). Suppose -r + 5 = 2*m + m, -3*m = j*r - 15. What is the units digit of r?
5
Let s(t) = 2*t**2 + t + 1. Let i be s(2). Let n(j) = -j**2 + 11*j + 7. What is the units digit of n(i)?
7
Let t = 287 + -148. What is the hundreds digit of t?
1
Let h = -1 - -4. Suppose -2*w + 58 = 5*a - 5*w, -h*a = -5*w - 38. What is the tens digit of a?
1
Suppose 3*k - 85 = -4*y, -4*y + 2*y = 3*k - 41. What is the units digit of y?
2
Suppose 0 = 4*g - 3*u - 23, -3*g = -0*u + 2*u + 4. What is the units digit of (-1)/g*8/(-4)?
1
Suppose -4*d - 2*a + 334 = 0, -2*d - 5*a = 3*d - 425. What is the units digit of d?
2
Let r(y) = -y + 6. Let w be r(4). Let a(i) = 6*i**2 - 2*i. What is the units digit of a(w)?
0
Let f(g) = g**2 - 5*g - 5. What is the tens digit of f(9)?
3
Let d = -86 - -245. What is the units digit of d?
9
Suppose 0*p - 84 = -2*n + p, -4*n + 168 = 3*p. Suppose -4*f = -f - n. What is the tens digit of f?
1
Let y(z) = -55*z + 5. What is the tens digit of y(-3)?
7
Suppose 2*y = 39 + 127. What is the units digit of y?
3
Let d(m) = 20*m + 3. What is the tens digit of d(4)?
8
Suppose -4*c + 3*o + 21 = -1, -c